t is the billions digit of 1300751628?
1
What is the billions digit of 1029782502?
1
What is the millions digit of 995604020?
5
What is the billions digit of 1768418566?
1
What is the hundreds digit of 74831885?
8
What is the millions digit of 55787461?
5
What is the thousands digit of 3761645282?
5
What is the ten millions digit of 580323264?
8
What is the hundreds digit of 145689673?
6
What is the hundreds digit of 433829448?
4
What is the ten thousands digit of 1762715469?
1
What is the hundred thousands digit of 2609284370?
2
What is the billions digit of 7370609903?
7
What is the millions digit of 2183266739?
3
What is the ten millions digit of 128246346?
2
What is the ten millions digit of 415117501?
1
What is the tens digit of 2200427710?
1
What is the units digit of 94012395?
5
What is the billions digit of 1319095532?
1
What is the millions digit of 661486031?
1
What is the millions digit of 135623575?
5
What is the hundred thousands digit of 55626753?
6
What is the hundred thousands digit of 519660437?
6
What is the hundred millions digit of 6310517236?
3
What is the ten thousands digit of 4961649?
6
What is the hundreds digit of 173727776?
7
What is the hundred millions digit of 1173835368?
1
What is the ten thousands digit of 63302035?
0
What is the millions digit of 871061587?
1
What is the thousands digit of 44910998?
0
What is the ten millions digit of 45083323?
4
What is the millions digit of 80461384?
0
What is the ten millions digit of 57807104?
5
What is the hundred thousands digit of 31053592?
0
What is the millions digit of 371264255?
1
What is the hundred millions digit of 3816691088?
8
What is the ten millions digit of 238571941?
3
What is the hundred thousands digit of 230223010?
2
What is the tens digit of 531351397?
9
What is the ten millions digit of 102049930?
0
What is the hundred millions digit of 517936968?
5
What is the thousands digit of 2778253496?
3
What is the tens digit of 333561316?
1
What is the hundreds digit of 1642761784?
7
What is the hundred thousands digit of 37991602?
9
What is the hundred thousands digit of 3242593828?
5
What is the hundred millions digit of 335852707?
3
What is the hundred thousands digit of 326917288?
9
What is the hundred thousands digit of 916444692?
4
What is the hundred thousands digit of 26566600?
5
What is the millions digit of 163082821?
3
What is the thousands digit of 5214845701?
5
What is the hundred thousands digit of 227061912?
0
What is the hundred thousands digit of 482566726?
5
What is the hundreds digit of 43691246?
2
What is the ten thousands digit of 1042259240?
5
What is the millions digit of 7387098?
7
What is the tens digit of 73312212?
1
What is the ten thousands digit of 3203542753?
4
What is the hundreds digit of 39527645?
6
What is the hundred thousands digit of 1304627903?
6
What is the hundred millions digit of 158581027?
1
What is the ten millions digit of 145490698?
4
What is the millions digit of 19459725?
9
What is the ten thousands digit of 307501125?
0
What is the tens digit of 18394455?
5
What is the thousands digit of 677624856?
4
What is the tens digit of 14406627?
2
What is the units digit of 253101542?
2
What is the ten millions digit of 72048696?
7
What is the hundred thousands digit of 440845207?
8
What is the thousands digit of 3894424641?
4
What is the ten thousands digit of 2242581825?
8
What is the units digit of 61655822?
2
What is the millions digit of 2939039101?
9
What is the hundred thousands digit of 332449518?
4
What is the ten millions digit of 11133240?
1
What is the hundred thousands digit of 130069872?
0
What is the thousands digit of 4719597914?
7
What is the hundreds digit of 2835710765?
7
What is the hundred thousands digit of 525700920?
7
What is the thousands digit of 145598770?
8
What is the ten thousands digit of 87297849?
9
What is the tens digit of 11045418?
1
What is the tens digit of 2262528?
2
What is the units digit of 295266695?
5
What is the hundred thousands digit of 73519388?
5
What is the hundreds digit of 86396038?
0
What is the millions digit of 171702122?
1
What is the units digit of 326236800?
0
What is the millions digit of 91277989?
1
What is the hundreds digit of 1515271912?
9
What is the millions digit of 208823535?
8
What is the tens digit of 7054705744?
4
What is the hundred thousands digit of 65045825?
0
What is the hundred thousands digit of 37216728?
2
What is the thousands digit of 989885114?
5
What is the ten thousands digit of 709542794?
4
What is the millions digit of 49812697?
9
What is the hundred millions digit of 1571829285?
5
What is the hundreds digit of 1936543272?
2
What is the units digit of 245698861?
1
What is the tens digit of 791822279?
7
What is the tens digit of 94228086?
8
What is the ten thousands digit of 2165594045?
9
What is the ten millions digit of 2018841781?
1
What is the hundred thousands digit of 134540432?
5
What is the tens digit of 228294356?
5
What is the units digit of 4072218835?
5
What is the hundred thousands digit of 127191775?
1
What is the thousands digit of 125546669?
6
What is the units digit of 2412524149?
9
What is the units digit of 4914038?
8
What is the units digit of 56509613?
3
What is the thousands digit of 4891631?
1
What is the thousands digit of 47800755?
0
What is the ten millions digit of 922415407?
2
What is the units digit of 288959362?
2
What is the thousands digit of 1989832734?
2
What is the ten thousands digit of 178481831?
8
What is the thousands digit of 43120188?
0
What is the ten millions digit of 453804373?
5
What is the billions digit of 3731498234?
3
What is the ten millions digit of 21673488?
2
What is the millions digit of 277837711?
7
What is the ten millions digit of 61845694?
6
What is the hundred millions digit of 1611626043?
6
What is the hundreds digit of 726954869?
8
What is the hundreds digit of 127510216?
2
What is the ten thousands digit of 127180809?
8
What is the thousands digit of 80690842?
0
What is the millions digit of 1544496180?
4
What is the hundred thousands digit of 243290076?
2
What is the tens digit of 58212355?
5
What is the hundred thousands digit of 3074522485?
5
What is the ten millions digit of 40638420?
4
What is the ten millions digit of 160487355?
6
What is the millions digit of 1142507425?
2
What is the hundred thousands digit of 2712291593?
2
What is the hundred millions digit of 118624154?
1
What is the thousands digit of 2742338349?
8
What is the hundred thousands digit of 4038762551?
7
What is the hundred millions digit of 360797227?
3
What is the ten millions digit of 165046746?
6
What is the ten millions digit of 2398217324?
9
What is the units digit of 61583063?
3
What is the hundred thousands digit of 72366710?
3
What is the ten millions digit of 345834711?
4
What is the ten thousands digit of 5019289299?
8
What is the millions digit of 2954680722?
4
What is the millions digit of 781216390?
1
What is the thousands digit of 8574496888?
6
What is the ten millions digit of 936291635?
3
What is the ten thousands digit of 785706000?
0
What is the units digit of 628018519?
9
What is the millions digit of 1406336514?
6
What is the hundreds digit of 216121530?
5
What is the ten millions digit of 851793574?
5
What is the hundred thousands digit of 4835854637?
8
What is the tens digit of 363064362?
6
What is the hundreds digit of 101668442?
4
What is the ten millions digit of 1583697330?
8
What is the millions digit of 105797571?
5
What is the ten millions digit of 1232254914?
3
What is the hundred thousands digit of 5026552467?
5
What is the ten millions digit of 119069624?
1
What is the billions digit of 1528192704?
1
What is the billions digit of 3487678432?
3
What is the millions digit of 754402287?
4
What is the hundreds digit of 119007199?
1
What is the hundred thousands digit of 311184636?
1
What is the hundred millions digit of 2925417608?
9
What is the millions digit of 937907332?
7
What is the millions digit of 171391570?
1
What is the thousands digit of 35641283?
1
What is the thousands digit of 2266755337?
5
What is the units digit of 1445579?
9
What is the units digit of 185251876?
6
What is the tens digit of 47971027?
2
What is the hundred millions digit of 122815130?
1
What i